{"id":158,"date":"2025-12-12T08:05:39","date_gmt":"2025-12-12T07:05:39","guid":{"rendered":"https:\/\/www.laureguelle.fr\/?page_id=158"},"modified":"2025-12-27T08:52:37","modified_gmt":"2025-12-27T07:52:37","slug":"expositions","status":"publish","type":"page","link":"https:\/\/www.laureguelle.fr\/index.php\/expositions\/","title":{"rendered":"Expositions"},"content":{"rendered":"\n<p class=\"has-link-color wp-elements-60fc7a6630bd678907ebb21e57ef93c2\"><strong>2026<\/strong><br>TERRITOIRE(S) #2 &#8211; \u00ab\u00a0J&rsquo;ai peur de disparaitre\u00a0\u00bb du 8 janvier au 5 f\u00e9vrier, Le <em>rez-de-chauss\u00e9e<\/em>, galerie d&rsquo;exposition associative, 4 rue Saint Julien, Reims<br><a href=\"https:\/\/www.les2ateliers.fr\/\" target=\"_blank\" rel=\"noopener\" title=\"\">voir sur le site des 2 Ateliers, Reims<\/a><br><\/p>\n\n\n\n<p><em><strong>Site en cours de construction (12\/12\/25). Les dates d&rsquo;expositions <\/strong>de 2016 \u00e0 2020 sont en cours de mise \u00e0 jour.<\/em><\/p>\n\n\n\n<p><strong>2016<\/strong><br>Arch\u00e9ologie de la m\u00e9moire : 1916-2016, Biblioth\u00e8que Carnegie, Reims<\/p>\n\n\n\n<p><strong>2014<\/strong><br>Die Falle, Institut fran\u00e7ais, Aachen (Allemagne)<br>Artoth\u00e8que \u00e9ph\u00e9m\u00e8re #3, ORCCA, Galerie Jihlava (R\u00e9publique tch\u00e8que)<\/p>\n\n\n\n<p><strong>2013<\/strong><br>Artoth\u00e8que \u00e9ph\u00e9m\u00e8re #3, Palais du Tau, Reims<\/p>\n\n\n\n<p><strong>2012<\/strong><br>Collection tendance 2012 \u2013 \u00c9ros, Philia &amp; Agap\u00e9\u2026, performance pour La Nuit des mus\u00e9es, Mus\u00e9e des Beaux-Arts, Reims<br>Je v\u0153ux, Villeneuve-d\u2019Ascq<\/p>\n\n\n\n<p><strong>2011<\/strong><br>Champ de m\u00e9moire, ORCCA, Suippes<\/p>\n\n\n\n<p><strong>2010<\/strong><br>Jardins d\u2019artistes, Joinville<br>V.R.A.C. n\u00b013, Couvent des Clarisses, Roubaix<br>Cher Louis Molinier, Champ de m\u00e9moire, Suippes<\/p>\n\n\n\n<p><strong>2009<\/strong><br>Artoth\u00e8que \u00e9ph\u00e9m\u00e8re #1, ORCCA \u2013 Commission europ\u00e9enne, Bruxelles<\/p>\n\n\n\n<p><strong>2008<\/strong><br>Robes \u00e0 sommeil, Journ\u00e9es du patrimoine, Ch\u00e2lons-en-Champagne<br>R\u00e9sidence FRAC Champagne-Ardenne, Reims<br>La Liste rouge, festival Libellul\u2019express, Ardennes<\/p>\n\n\n\n<p><strong>2007<\/strong><br>Tentes nomades, Galeries Lafayette, Reims<br>Gare(s) aux arts, ORCCA, Troyes<br>Nappe\/plan, Le Bruit du Frigo, r\u00e9sidence, Marseille<\/p>\n\n\n\n<p><strong>2006<\/strong><br>Sc\u00e9nographie pour La Licorne, Reims<\/p>\n\n\n\n<p><strong>2005<\/strong><br>Exposition personnelle, espace Suzanne-Tourte, Reims<\/p>\n\n\n\n<p><strong>1995 \u2013 1994 \u2013 1993<\/strong><br>Aux 500 diables, Bordeaux<br>Foutu vol, festival de Villandraut<br>Nous laverons, festival d\u2019art vid\u00e9o, Bordeaux<\/p>\n\n\n\n<p><\/p>\n","protected":false},"excerpt":{"rendered":"<p>2026TERRITOIRE(S) #2 &#8211; \u00ab\u00a0J&rsquo;ai peur de disparaitre\u00a0\u00bb du 8 janvier au 5 f\u00e9vrier, Le rez-de-chauss\u00e9e, galerie d&rsquo;exposition associative, 4 rue [&hellip;]<\/p>\n","protected":false},"author":2,"featured_media":0,"parent":0,"menu_order":0,"comment_status":"closed","ping_status":"closed","template":"","meta":{"_seopress_robots_primary_cat":"","_seopress_titles_title":"","_seopress_titles_desc":"","_seopress_robots_index":"","site-sidebar-layout":"default","site-content-layout":"","ast-site-content-layout":"default","site-content-style":"default","site-sidebar-style":"default","ast-global-header-display":"","ast-banner-title-visibility":"","ast-main-header-display":"","ast-hfb-above-header-display":"","ast-hfb-below-header-display":"","ast-hfb-mobile-header-display":"","site-post-title":"","ast-breadcrumbs-content":"","ast-featured-img":"","footer-sml-layout":"","ast-disable-related-posts":"","theme-transparent-header-meta":"","adv-header-id-meta":"","stick-header-meta":"","header-above-stick-meta":"","header-main-stick-meta":"","header-below-stick-meta":"","astra-migrate-meta-layouts":"default","ast-page-background-enabled":"default","ast-page-background-meta":{"desktop":{"background-color":"var(--ast-global-color-5)","background-image":"","background-repeat":"repeat","background-position":"center center","background-size":"auto","background-attachment":"scroll","background-type":"","background-media":"","overlay-type":"","overlay-color":"","overlay-opacity":"","overlay-gradient":""},"tablet":{"background-color":"","background-image":"","background-repeat":"repeat","background-position":"center center","background-size":"auto","background-attachment":"scroll","background-type":"","background-media":"","overlay-type":"","overlay-color":"","overlay-opacity":"","overlay-gradient":""},"mobile":{"background-color":"","background-image":"","background-repeat":"repeat","background-position":"center center","background-size":"auto","background-attachment":"scroll","background-type":"","background-media":"","overlay-type":"","overlay-color":"","overlay-opacity":"","overlay-gradient":""}},"ast-content-background-meta":{"desktop":{"background-color":"var(--ast-global-color-4)","background-image":"","background-repeat":"repeat","background-position":"center center","background-size":"auto","background-attachment":"scroll","background-type":"","background-media":"","overlay-type":"","overlay-color":"","overlay-opacity":"","overlay-gradient":""},"tablet":{"background-color":"var(--ast-global-color-4)","background-image":"","background-repeat":"repeat","background-position":"center center","background-size":"auto","background-attachment":"scroll","background-type":"","background-media":"","overlay-type":"","overlay-color":"","overlay-opacity":"","overlay-gradient":""},"mobile":{"background-color":"var(--ast-global-color-4)","background-image":"","background-repeat":"repeat","background-position":"center center","background-size":"auto","background-attachment":"scroll","background-type":"","background-media":"","overlay-type":"","overlay-color":"","overlay-opacity":"","overlay-gradient":""}},"footnotes":""},"class_list":["post-158","page","type-page","status-publish","hentry"],"_links":{"self":[{"href":"https:\/\/www.laureguelle.fr\/index.php\/wp-json\/wp\/v2\/pages\/158","targetHints":{"allow":["GET"]}}],"collection":[{"href":"https:\/\/www.laureguelle.fr\/index.php\/wp-json\/wp\/v2\/pages"}],"about":[{"href":"https:\/\/www.laureguelle.fr\/index.php\/wp-json\/wp\/v2\/types\/page"}],"author":[{"embeddable":true,"href":"https:\/\/www.laureguelle.fr\/index.php\/wp-json\/wp\/v2\/users\/2"}],"replies":[{"embeddable":true,"href":"https:\/\/www.laureguelle.fr\/index.php\/wp-json\/wp\/v2\/comments?post=158"}],"version-history":[{"count":5,"href":"https:\/\/www.laureguelle.fr\/index.php\/wp-json\/wp\/v2\/pages\/158\/revisions"}],"predecessor-version":[{"id":289,"href":"https:\/\/www.laureguelle.fr\/index.php\/wp-json\/wp\/v2\/pages\/158\/revisions\/289"}],"wp:attachment":[{"href":"https:\/\/www.laureguelle.fr\/index.php\/wp-json\/wp\/v2\/media?parent=158"}],"curies":[{"name":"wp","href":"https:\/\/api.w.org\/{rel}","templated":true}]}}